6. Let k(u) = -u - 4. What is k(c)?
3
Suppose -19 = -8*d + 5. Suppose 8 = 4*g, -x - x - 5*g = -14. Let n(o) = -1 + 7*o**x - d*o**2 - o**2 + o. What is n(1)?
3
Let q(p) be the second derivative of p**7/360 + p**6/720 - p**4/6 - p**3/6 - 4*p. Let l(y) be the third derivative of q(y). Calculate l(-1).
6
Let k(m) = m**3 + 4*m**2 + 6*m + 8. Let v(h) = -h**3 - 17*h**2 - 29*h + 13. Let c be v(-15). What is k(c)?
4
Let n(m) = m**3 - m. Let j = -23 + 18. Let r be 3 + -2 + 2 + j. Calculate n(r).
-6
Let j(r) be the third derivative of -r**6/120 - 3*r**5/10 + 23*r**4/24 + 95*r**3/6 + 143*r**2 - 5*r. What is j(-19)?
19
Let i(d) = 6*d - 6. Suppose -30*r = 83*r + 897 + 233. Determine i(r).
-66
Let f(u) be the first derivative of 8 - 3*u - 1/2*u**2. Determine f(-7).
4
Let n(q) = 3*q**2 + q + 3. Let d(v) = -28*v**2 + 2 + 27*v**2 + 3*v**2 + v. Let a(o) = 5*d(o) - 3*n(o). Give a(-5).
16
Let t(r) be the third derivative of r**4/8 + 2*r**3 + 2*r**2 - 751. Determine t(0).
12
Let a(y) = y**3 + 3*y**2 + 3*y + 25. Let p(o) = 2*o**3 + 5*o**2 + 9*o + 57. Let h(m) = 7*a(m) - 3*p(m). Give h(-7).
-3
Let t(q) = -2*q - 3. Suppose 83*f + 8876 = 90*f. Suppose 3*d - 1289 = -f. Determine t(d).
-17
Let t(z) be the second derivative of z**6/120 - z**5/15 + z**4/24 - z**3/2 + 51*z**2/2 + 69*z. Let a(h) be the first derivative of t(h). Calculate a(3).
-9
Let k(x) be the third derivative of x**7/2520 + x**6/180 - x**5/120 + x**4/8 + 4*x**3/3 + 105*x**2. Let q(b) be the second derivative of k(b). Determine q(-3).
-4
Let t(h) = -8*h - 4. Let o = 133 + -58. Let j = o - 78. Give t(j).
20
Let k(z) = -z**2 - 12*z + 12. Let l(a) = -a**2 - 11*a + 11. Let h(x) = 6*k(x) - 7*l(x). Suppose -4*i = 2*r + 32, 20*i + 2*r - 31 = 25*i. What is h(i)?
9
Let q(k) = k**3 + 6*k**2 + 3. Let u(b) = b**3 - 10*b**2 + 11*b - 11. Let x be u(9). Suppose 0 = x*y - 10*y - 36. Let p be 5*(84/(-45) + (-8)/y). Determine q(p).
3
Let z be 279/(-261) - 22/(-319). Let t(a) = a**3 - a**2 + a + 2. What is t(z)?
-1
Let l be 18/(2/(-11) - (-2604)/3069). Let m(y) = -y**2 + 26*y - 6. Give m(l).
-33
Let f be ((-102)/136)/((63/(-30))/7). Let u(h) be the third derivative of -4*h**2 - f*h**3 - 1/24*h**4 + 0*h + 0 - 1/60*h**5. Calculate u(0).
-15
Let k(u) = -7*u - 126. Let n(r) = 5*r + 2. Let l(h) = k(h) - 2*n(h). Determine l(-7).
-11
Let o(p) be the first derivative of 30*p**2 - 293*p + 2165. What is o(5)?
7
Suppose -2891 = 5*k - 5765 + 2889. Let l(t) = -3*t**2 + 5*t - 4. Determine l(k).
-46
Let s(r) be the first derivative of r**6/40 - r**5/60 - r**4/24 - r**3/6 + 33*r**2/2 + 4. Let c(p) be the second derivative of s(p). Give c(-1).
-4
Let c(i) be the third derivative of i**5/30 + 23*i**4/24 - 4*i**3 + 275*i**2 + 2. What is c(1)?
1
Suppose 2*d = -c + 5, -2*d + 3*d - 5*c = 8. Let k be d/1 + (-5 - -6). Let y be (-20)/(-8)*(6 - k). Let v(f) = -2*f**2 + 5*f + 2. Calculate v(y).
-23
Let n(a) = 2*a**2 + 1. Suppose 2*s + 5 = -r + 12, -r + 16 = 5*s. Let o be (2 - 5) + (0/s - -2). Determine n(o).
3
Let p(r) be the first derivative of -r**3/3 + 11*r**2/2 - 27*r - 127. What is p(8)?
-3
Let p(r) = 115 - 9*r - 47 + r**2 - 30 - 37 - 45. Calculate p(13).
8
Let z(r) = 7*r**2 + 20*r - 5. Let w be z(-5). Suppose 17*m = 31*m + w. Let a(d) = d**3 + 5*d**2 + 1. Determine a(m).
1
Let u(l) = -21*l + 663439 - 331783 - 331839 + l**2. Give u(28).
13
Let w(v) = 6*v - 4. Let m(f) = f**3 - 11*f**2 + 47*f - 100. Let d be m(6). Calculate w(d).
8
Let t(g) = -g - 17. Let w(r) = 11*r - 32. Let f be w(7). Suppose 2*p + 43 = 3*m, 5*m - 10 = -5*p + f. Let k = -13 + m. Calculate t(k).
-17
Suppose 6*t - 10 = 8. Suppose -t*w + 0 + 18 = 0. Let j(v) = 4*v - 2. Determine j(w).
22
Let k(i) = i - 19. Let j be k(12). Let f be 3 + (j - 2) + 3. Let m(q) = q - 14. Let a(s) = 3*s - 35. Let c(x) = -2*a(x) + 5*m(x). Give c(f).
3
Let v(p) = p**3 + 53*p**2 - 8*p - 423. Let t be v(-53). Let h(n) be the second derivative of 7*n**3/3 + n**2/2 - 3*n. Determine h(t).
15
Let o(a) = -a - 26. Let m(h) = h**3 - 9*h**2 + 14*h. Let u be -5*((-56)/20)/(-7) - -9. Let l be m(u). Determine o(l).
-26
Let z(q) = q**3 - 3*q**2 - 4*q + 1. Let t(s) = -2*s + 6242 - 6242. Let j(u) = -2*t(u) + z(u). Determine j(2).
-3
Let g(u) = -u**2 - 2*u + 1. Let s = 89 - 87. Suppose 0 = -i + s*i - 3. Suppose j - i*z - 1 = -6, 5*z + 3 = -4*j. Determine g(j).
1
Let f = -7 - -12. Let z(a) = 6*a**2 + 0*a**2 - 5*a - f*a**2. Suppose -3 = -4*x + 13. Give z(x).
-4
Let g(v) = -5*v + 30. Suppose 5*h - h - 50 = 5*w, 0 = -5*h + 4*w + 49. What is g(h)?
5
Let q = 4 + 0. Suppose -72 = -16*u - 2*u. Let a(v) = 1 - 18*v + 16*v - u + v**2. What is a(q)?
5
Let q(f) be the first derivative of -15*f**2 + 412*f + 8315. Determine q(14).
-8
Let b = -48 - -168. Let j be b/(-30) + 0 + 6/3. Let w(n) = n**3 + n**2 - 3*n - 2. What is w(j)?
0
Let x(v) = -9*v + 110. Let k be x(7). Suppose 10*s - 87 + k = 0. Let r(b) = 2*b - 2. Calculate r(s).
6
Let n(c) be the first derivative of 2*c**3/3 - c**2/2 - 66*c - 530. Calculate n(0).
-66
Let s(u) = u**2 - 4*u - 4. Suppose 5*z - 112 = -3*z. Suppose 1 = n, 0 = -z*q + 16*q - 2*n - 10. Calculate s(q).
8
Suppose 32 + 10 = 14*g. Suppose g*r + u - 30 = 0, -r - 3*u + 20 = r. Let b(o) = -o**3 + 9*o**2 + 11*o. What is b(r)?
10
Suppose 4*v + v - 14*v - 15*v = 0. Let x(r) be the third derivative of 1/8*r**4 - 1/60*r**5 + 1/3*r**3 + v + 18*r**2 + 0*r. Give x(4).
-2
Suppose 4*z = -10*z + 28. Suppose -z*h = -3*h + 1. Let k(q) = -5*q**2 - 2*q + 1. Determine k(h).
-6
Let g(z) = -z**3 - z + 1. Let x be 1/((-4)/(-3) - 24/16). Let t(o) = 5*o**3 + 17*o**2 + 24*o - 5. Let p(k) = x*g(k) - t(k). Give p(18).
-1
Let q(g) be the second derivative of g**5/20 + g**4/6 - g**2 - 4*g. Suppose 54*d + 27 = 45*d. Give q(d).
-11
Let p(y) = -3*y**2 + 17*y + 13. Let o(i) = 2*i**2 + 26*i - 751. Let s be o(-27). What is p(s)?
23
Suppose -3*z - 12*d + 9*d = -30, -26 = -5*z + 3*d. Let c(x) = 8*x + 1. Let t(l) = 20*l + 2. Let r(i) = 12*c(i) - 5*t(i). What is r(z)?
-26
Let z(v) = -v**3 + 21*v - 18. Let p be z(4). Suppose 3*s = -4*j + 3, 0 = -5*j + 7*s - p*s - 40. Let t(g) = -2*g - 6. Give t(j).
0
Let o(u) be the first derivative of 20*u**3/3 + u**2 + 10813. Calculate o(1).
22
Let t(x) = -10638*x + 21302*x - 10647*x + 3*x**2 + 5. Calculate t(-7).
33
Let f(g) = -g**2 + 2*g + 1. Suppose 7*o = 75 - 40. Suppose 0*a - 8 = -a + o*k, -k = 2. Give f(a).
-7
Let h(x) be the first derivative of 2*x**3/3 + 12*x**2 + 9*x + 7202. Give h(-10).
-31
Let j(f) = 2*f - 4. Let z be j(3). Let c(p) = -6*p - z*p**2 + 0*p**2 + p**3 + 0*p**3 + 433 - 429. What is c(4)?
12
Let g(m) = m + 8. Suppose 10*f - 8*f = 118. Let v = f - 56. Let y be -5 - ((3 - v) + 4). What is g(y)?
-1
Let y(q) be the third derivative of -q**4/4 - 13*q**3/6 + 231*q**2 + 1. Determine y(6).
-49
Let b(n) = n**3 - 4*n**2 + 3*n - 4. Let h = -11877 + 11879. Calculate b(h).
-6
Let h(m) = -3*m**2 + 5*m + 1. Let x = 767 - 769. Determine h(x).
-21
Let t(a) = -a + 3. Suppose f = 4 - 5, 2*p + 3*f - 43 = 0. Suppose -17*i - p = 6*i. Give t(i).
4
Let s = -364 + 257. Let p = 3 + s. Let o be ((-65)/p)/(2/16). Let g(f) = -f**3 + 4*f**2 + 6*f - 6. Determine g(o).
-1
Let m be 1*-1 + (-21 + 11)*1. Let r(i) = -37*i - 39. Let g(b) = 7*b + 8. Let t(l) = m*g(l) - 2*r(l). Suppose -24 + 3 = 3*s. Determine t(s).
11
Let v(z) be the third derivative of z**5/60 + 7*z**4/12 - 13*z**3/3 + z**2 - 61*z - 2. What is v(-14)?
-26
Let m be (-23)/(-1) + (-27 - -23). Suppose m*n - 96 = 3*n. Let l(y) = -2*y**3 + 5*y**2 - 8*y + 9*y + 3 + y**3. Give l(n).
-27
Let r(i) = i**2 - 2*i - 11. Let b(v) = v**2 - 19*v - 64. Let z be b(22). Suppose 0 = 5*j - 8*j + l + 28, z*l = -8. Determine r(j).
37
Let s(i) = -i**3 + 12*i**2 - 11*i + 6. Let k be (1876/(-536))/(1/(-2)). Give s(k).
174
Let n(x) = -7 - 8*x + 38 + 35 + 45 - 8. Determine n(13).
-1
Suppose -525 = 2*p + 5*f, 8*p - 480 = 10*p - 4*f. Let y = 256 + p. Let n(m) = m**2 - 9*m - 1. Give n(y).
-19
Let r(m) be the second derivative of m**5/60 + 3*m**4/8 + 91*m**3/6 - 85*m. Let x(q) be the second derivative of r(q). Give x(-7).
-5
Let q(h) = -h**3 + 15*h**2 + 2*h - 44. Let f be q(13). Let m = f - 317. Let o(c) = -7*c - 1. Determine o(m).
-22
Suppose 13*k - 433 = -121. Suppose -12*s = -4*s + k. Let z be (-2)/s - 2 - (-112)/21. Let n(r) = -r**3 + 3*r**2 + 2*r + 1. Calculate n(z).
-7
Let r(i) = -5*i + i